{"id":10,"date":"2021-03-09T17:31:54","date_gmt":"2021-03-09T17:31:54","guid":{"rendered":"http:\/\/192.168.1.201:82\/?page_id=10"},"modified":"2021-05-21T11:30:53","modified_gmt":"2021-05-21T09:30:53","slug":"sobre-nosotros","status":"publish","type":"page","link":"https:\/\/ruizcarmonaabogados.es\/","title":{"rendered":"SOBRE NOSOTROS"},"content":{"rendered":"\n<figure class=\"wp-block-image size-large\"><img loading=\"lazy\" decoding=\"async\" width=\"753\" height=\"452\" src=\"https:\/\/ruizcarmonaabogados.es\/wp-content\/uploads\/2021\/03\/cache_3953462-1.png\" alt=\"\" class=\"wp-image-13\" srcset=\"https:\/\/ruizcarmonaabogados.es\/wp-content\/uploads\/2021\/03\/cache_3953462-1.png 753w, https:\/\/ruizcarmonaabogados.es\/wp-content\/uploads\/2021\/03\/cache_3953462-1-300x180.png 300w\" sizes=\"auto, (max-width: 753px) 100vw, 753px\" \/><\/figure>\n\n\n\n<p class=\"has-text-align-center\" style=\"font-size:15px\"><strong>RUIZ CARMONA ABOGADOS<\/strong>&nbsp;es un despacho profesional que cuenta con m\u00e1s de veinticinco a\u00f1os de ejercicio de la abogac\u00eda y que aporta, por tanto, una amplia experiencia al servicio de nuestros clientes. En nuestro equipo de profesionales prima ante todo la atenci\u00f3n personalizada, de forma que cada caso es tratado con total discreci\u00f3n y eficacia para que te sientas siempre en las mejores manos. Su confianza merece lo mejor de nosotros mismos, por eso nos comprometemos a recorrer este camino juntos con absoluta seriedad y ofreci\u00e9ndole las mayores garant\u00edas.<\/p>\n\n\n\n<p class=\"has-text-align-center\" style=\"font-size:15px\">A trav\u00e9s de esta web podr\u00e1 conocernos mejor y profundizar en cada una de nuestras especialidades. Contacte con nosotros sin ning\u00fan tipo de compromiso y estaremos encantados de atenderle para buscar la mejor soluci\u00f3n a su problema.<\/p>\n","protected":false},"excerpt":{"rendered":"<p>RUIZ CARMONA ABOGADOS&nbsp;es un despacho profesional que cuenta con m\u00e1s de veinticinco a\u00f1os de ejercicio de la abogac\u00eda y que aporta, por tanto, una amplia experiencia al servicio de nuestros clientes. En nuestro equipo de profesionales prima ante todo la atenci\u00f3n personalizada, de forma que cada caso es tratado con total discreci\u00f3n y eficacia para [&hellip;]<\/p>\n","protected":false},"author":1,"featured_media":11,"parent":0,"menu_order":0,"comment_status":"closed","ping_status":"closed","template":"","meta":{"_uag_custom_page_level_css":"","footnotes":""},"class_list":["post-10","page","type-page","status-publish","has-post-thumbnail","hentry","entry","has-media"],"uagb_featured_image_src":{"full":["https:\/\/ruizcarmonaabogados.es\/wp-content\/uploads\/2021\/03\/cache_3953462.png",753,452,false],"thumbnail":["https:\/\/ruizcarmonaabogados.es\/wp-content\/uploads\/2021\/03\/cache_3953462-150x150.png",150,150,true],"medium":["https:\/\/ruizcarmonaabogados.es\/wp-content\/uploads\/2021\/03\/cache_3953462-300x180.png",300,180,true],"medium_large":["https:\/\/ruizcarmonaabogados.es\/wp-content\/uploads\/2021\/03\/cache_3953462.png",753,452,false],"large":["https:\/\/ruizcarmonaabogados.es\/wp-content\/uploads\/2021\/03\/cache_3953462.png",753,452,false],"1536x1536":["https:\/\/ruizcarmonaabogados.es\/wp-content\/uploads\/2021\/03\/cache_3953462.png",753,452,false],"2048x2048":["https:\/\/ruizcarmonaabogados.es\/wp-content\/uploads\/2021\/03\/cache_3953462.png",753,452,false],"ocean-thumb-m":["https:\/\/ruizcarmonaabogados.es\/wp-content\/uploads\/2021\/03\/cache_3953462.png",600,360,false],"ocean-thumb-ml":["https:\/\/ruizcarmonaabogados.es\/wp-content\/uploads\/2021\/03\/cache_3953462.png",750,450,false],"ocean-thumb-l":["https:\/\/ruizcarmonaabogados.es\/wp-content\/uploads\/2021\/03\/cache_3953462.png",753,452,false]},"uagb_author_info":{"display_name":"Angel_1945","author_link":"https:\/\/ruizcarmonaabogados.es\/index.php\/author\/angel_1945\/"},"uagb_comment_info":0,"uagb_excerpt":"RUIZ CARMONA ABOGADOS&nbsp;es un despacho profesional que cuenta con m\u00e1s de veinticinco a\u00f1os de ejercicio de la abogac\u00eda y que aporta, por tanto, una amplia experiencia al servicio de nuestros clientes. En nuestro equipo de profesionales prima ante todo la atenci\u00f3n personalizada, de forma que cada caso es tratado con total discreci\u00f3n y eficacia para&hellip;","_links":{"self":[{"href":"https:\/\/ruizcarmonaabogados.es\/index.php\/wp-json\/wp\/v2\/pages\/10","targetHints":{"allow":["GET"]}}],"collection":[{"href":"https:\/\/ruizcarmonaabogados.es\/index.php\/wp-json\/wp\/v2\/pages"}],"about":[{"href":"https:\/\/ruizcarmonaabogados.es\/index.php\/wp-json\/wp\/v2\/types\/page"}],"author":[{"embeddable":true,"href":"https:\/\/ruizcarmonaabogados.es\/index.php\/wp-json\/wp\/v2\/users\/1"}],"replies":[{"embeddable":true,"href":"https:\/\/ruizcarmonaabogados.es\/index.php\/wp-json\/wp\/v2\/comments?post=10"}],"version-history":[{"count":5,"href":"https:\/\/ruizcarmonaabogados.es\/index.php\/wp-json\/wp\/v2\/pages\/10\/revisions"}],"predecessor-version":[{"id":274,"href":"https:\/\/ruizcarmonaabogados.es\/index.php\/wp-json\/wp\/v2\/pages\/10\/revisions\/274"}],"wp:featuredmedia":[{"embeddable":true,"href":"https:\/\/ruizcarmonaabogados.es\/index.php\/wp-json\/wp\/v2\/media\/11"}],"wp:attachment":[{"href":"https:\/\/ruizcarmonaabogados.es\/index.php\/wp-json\/wp\/v2\/media?parent=10"}],"curies":[{"name":"wp","href":"https:\/\/api.w.org\/{rel}","templated":true}]}}