{"id":20,"date":"2021-03-09T17:49:20","date_gmt":"2021-03-09T17:49:20","guid":{"rendered":"http:\/\/192.168.1.201:82\/?page_id=20"},"modified":"2021-05-27T11:37:18","modified_gmt":"2021-05-27T09:37:18","slug":"honorarios","status":"publish","type":"page","link":"https:\/\/ruizcarmonaabogados.es\/index.php\/honorarios\/","title":{"rendered":"HONORARIOS"},"content":{"rendered":"\n<div class=\"wp-block-image\"><figure class=\"aligncenter size-large\"><img loading=\"lazy\" decoding=\"async\" width=\"566\" height=\"425\" src=\"http:\/\/192.168.1.201:82\/wp-content\/uploads\/2021\/03\/cache_3951890.png\" alt=\"\" class=\"wp-image-21\" srcset=\"https:\/\/ruizcarmonaabogados.es\/wp-content\/uploads\/2021\/03\/cache_3951890.png 566w, https:\/\/ruizcarmonaabogados.es\/wp-content\/uploads\/2021\/03\/cache_3951890-300x225.png 300w\" sizes=\"auto, (max-width: 566px) 100vw, 566px\" \/><\/figure><\/div>\n\n\n\n<p style=\"font-size:15px\">En nuestro despacho presentamos un precio cerrado desde el principio hasta la finalizaci\u00f3n del procedimiento. Entendemos que \u00e9ste es el proceder adecuado para evitar sorpresas desagradables al final, ya que consideramos que Ud. debe saber, antes de empezar cualquier tr\u00e1mite, c\u00faal va a ser el coste total de su asunto. <\/p>\n\n\n\n<p style=\"font-size:15px\">Los honorarios por la prestaci\u00f3n de los servicios contratados deben de incluir todos los costes y adaptarse a la situaci\u00f3n personal m\u00e1s acorde con su estilo de vida y presupuesto econ\u00f3mico, ofreciendo una excelente calidad a un precio justo. <\/p>\n\n\n\n<p style=\"font-size:15px\">Los honorarios demasiado elevados no son una garant\u00eda de calidad. Los precios extremadamente bajos tampoco son fiables.&nbsp; <\/p>\n\n\n\n<p style=\"font-size:15px\">Conf\u00ede en nosotros porque ofrecemos un servicio profesional honesto, que no promete al cliente resultados imposibles, diciendo siempre la verdad incluidas las posibles complicaciones. <\/p>\n\n\n\n<p style=\"font-size:15px\">No olvide que nuestros profesionales son abogados colegiados que tienen \u00e9tica profesional y no pueden prestar sus servicios jur\u00eddicos sin unos honorarios razonables. <\/p>\n\n\n\n<p style=\"font-size:15px\">Coste de la primera <strong>consulta PRESENCIAL<\/strong>: 100 euros\u00a0<strong>a descontar<\/strong>\u00a0de la minuta final. Esta primera consulta PRESENCIAL comprende tanto la informaci\u00f3n como el asesoramiento necesario para encauzar su problema y estudiar las posibles soluciones.   Para el resto de <strong>consultas v\u00eda MAIL<\/strong>: Honorarios pactados con  cliente previo an\u00e1lisis de su caso.<\/p>\n","protected":false},"excerpt":{"rendered":"<p>En nuestro despacho presentamos un precio cerrado desde el principio hasta la finalizaci\u00f3n del procedimiento. Entendemos que \u00e9ste es el proceder adecuado para evitar sorpresas desagradables al final, ya que consideramos que Ud. debe saber, antes de empezar cualquier tr\u00e1mite, c\u00faal va a ser el coste total de su asunto. Los honorarios por la prestaci\u00f3n [&hellip;]<\/p>\n","protected":false},"author":1,"featured_media":0,"parent":0,"menu_order":0,"comment_status":"closed","ping_status":"closed","template":"","meta":{"_uag_custom_page_level_css":"","footnotes":""},"class_list":["post-20","page","type-page","status-publish","hentry","entry"],"uagb_featured_image_src":{"full":false,"thumbnail":false,"medium":false,"medium_large":false,"large":false,"1536x1536":false,"2048x2048":false,"ocean-thumb-m":false,"ocean-thumb-ml":false,"ocean-thumb-l":false},"uagb_author_info":{"display_name":"Angel_1945","author_link":"https:\/\/ruizcarmonaabogados.es\/index.php\/author\/angel_1945\/"},"uagb_comment_info":0,"uagb_excerpt":"En nuestro despacho presentamos un precio cerrado desde el principio hasta la finalizaci\u00f3n del procedimiento. Entendemos que \u00e9ste es el proceder adecuado para evitar sorpresas desagradables al final, ya que consideramos que Ud. debe saber, antes de empezar cualquier tr\u00e1mite, c\u00faal va a ser el coste total de su asunto. Los honorarios por la prestaci\u00f3n&hellip;","_links":{"self":[{"href":"https:\/\/ruizcarmonaabogados.es\/index.php\/wp-json\/wp\/v2\/pages\/20","targetHints":{"allow":["GET"]}}],"collection":[{"href":"https:\/\/ruizcarmonaabogados.es\/index.php\/wp-json\/wp\/v2\/pages"}],"about":[{"href":"https:\/\/ruizcarmonaabogados.es\/index.php\/wp-json\/wp\/v2\/types\/page"}],"author":[{"embeddable":true,"href":"https:\/\/ruizcarmonaabogados.es\/index.php\/wp-json\/wp\/v2\/users\/1"}],"replies":[{"embeddable":true,"href":"https:\/\/ruizcarmonaabogados.es\/index.php\/wp-json\/wp\/v2\/comments?post=20"}],"version-history":[{"count":6,"href":"https:\/\/ruizcarmonaabogados.es\/index.php\/wp-json\/wp\/v2\/pages\/20\/revisions"}],"predecessor-version":[{"id":292,"href":"https:\/\/ruizcarmonaabogados.es\/index.php\/wp-json\/wp\/v2\/pages\/20\/revisions\/292"}],"wp:attachment":[{"href":"https:\/\/ruizcarmonaabogados.es\/index.php\/wp-json\/wp\/v2\/media?parent=20"}],"curies":[{"name":"wp","href":"https:\/\/api.w.org\/{rel}","templated":true}]}}